{"id":58913,"date":"2025-02-05T09:34:12","date_gmt":"2025-02-05T09:34:12","guid":{"rendered":"https:\/\/www.firstcorporation.it\/product\/cono-di-riduzione-o-150-a-121-mm-per-tubi-aspirazione\/"},"modified":"2025-03-25T11:21:07","modified_gmt":"2025-03-25T11:21:07","slug":"cono-di-riduzione-o-150-a-121-mm-per-tubi-aspirazione","status":"publish","type":"product","link":"https:\/\/www.firstcorporation.it\/fr\/product\/cono-di-riduzione-o-150-a-121-mm-per-tubi-aspirazione\/","title":{"rendered":"Raccord ABS d\u2019adaptation de \u00d8 150 \u00e0 121 mm pour tubes"},"content":{"rendered":"","protected":false},"excerpt":{"rendered":"<p>Les accessoires du syst\u00e8me sont con\u00e7us pour assurer une dispersion minimale dans le passage de l&#8217;air et pour s&#8217;adapter aux exigences de conception.<\/p>\n","protected":false},"featured_media":58909,"template":"","meta":{"_acf_changed":false,"inline_featured_image":false},"product_cat":[2546],"product_tag":[],"collezione":[],"acf":[],"yoast_head":"<!-- This site is optimized with the Yoast SEO plugin v22.9 - https:\/\/yoast.com\/wordpress\/plugins\/seo\/ -->\n<title>Raccord ABS d\u2019adaptation de \u00d8 150 \u00e0 121 mm pour tubes | First Corporation<\/title>\n<meta name=\"robots\" content=\"index, follow, max-snippet:-1, max-image-preview:large, max-video-preview:-1\" \/>\n<link rel=\"canonical\" href=\"https:\/\/www.firstcorporation.it\/fr\/product\/cono-di-riduzione-o-150-a-121-mm-per-tubi-aspirazione\/\" \/>\n<meta property=\"og:locale\" content=\"fr_FR\" \/>\n<meta property=\"og:type\" content=\"article\" \/>\n<meta property=\"og:title\" content=\"Raccord ABS d\u2019adaptation de \u00d8 150 \u00e0 121 mm pour tubes | First Corporation\" \/>\n<meta property=\"og:description\" content=\"Les accessoires du syst\u00e8me sont con\u00e7us pour assurer une dispersion minimale dans le passage de l&#039;air et pour s&#039;adapter aux exigences de conception.\" \/>\n<meta property=\"og:url\" content=\"https:\/\/www.firstcorporation.it\/fr\/product\/cono-di-riduzione-o-150-a-121-mm-per-tubi-aspirazione\/\" \/>\n<meta property=\"og:site_name\" content=\"First Corporation\" \/>\n<meta property=\"article:publisher\" content=\"https:\/\/www.facebook.com\/FirstSrl\" \/>\n<meta property=\"article:modified_time\" content=\"2025-03-25T11:21:07+00:00\" \/>\n<meta property=\"og:image\" content=\"https:\/\/www.firstcorporation.it\/wp-content\/uploads\/2025\/02\/CRGC150B-1.jpg\" \/>\n\t<meta property=\"og:image:width\" content=\"800\" \/>\n\t<meta property=\"og:image:height\" content=\"719\" \/>\n\t<meta property=\"og:image:type\" content=\"image\/jpeg\" \/>\n<meta name=\"twitter:card\" content=\"summary_large_image\" \/>\n<meta name=\"twitter:label1\" content=\"Dur\u00e9e de lecture estim\u00e9e\" \/>\n\t<meta name=\"twitter:data1\" content=\"1 minute\" \/>\n<script type=\"application\/ld+json\" class=\"yoast-schema-graph\">{\"@context\":\"https:\/\/schema.org\",\"@graph\":[{\"@type\":\"WebPage\",\"@id\":\"https:\/\/www.firstcorporation.it\/fr\/product\/cono-di-riduzione-o-150-a-121-mm-per-tubi-aspirazione\/\",\"url\":\"https:\/\/www.firstcorporation.it\/fr\/product\/cono-di-riduzione-o-150-a-121-mm-per-tubi-aspirazione\/\",\"name\":\"Raccord ABS d\u2019adaptation de \u00d8 150 \u00e0 121 mm pour tubes | First Corporation\",\"isPartOf\":{\"@id\":\"https:\/\/www.firstcorporation.it\/#website\"},\"primaryImageOfPage\":{\"@id\":\"https:\/\/www.firstcorporation.it\/fr\/product\/cono-di-riduzione-o-150-a-121-mm-per-tubi-aspirazione\/#primaryimage\"},\"image\":{\"@id\":\"https:\/\/www.firstcorporation.it\/fr\/product\/cono-di-riduzione-o-150-a-121-mm-per-tubi-aspirazione\/#primaryimage\"},\"thumbnailUrl\":\"https:\/\/www.firstcorporation.it\/wp-content\/uploads\/2025\/02\/CRGC150B-1.jpg\",\"datePublished\":\"2025-02-05T09:34:12+00:00\",\"dateModified\":\"2025-03-25T11:21:07+00:00\",\"breadcrumb\":{\"@id\":\"https:\/\/www.firstcorporation.it\/fr\/product\/cono-di-riduzione-o-150-a-121-mm-per-tubi-aspirazione\/#breadcrumb\"},\"inLanguage\":\"fr-FR\",\"potentialAction\":[{\"@type\":\"ReadAction\",\"target\":[\"https:\/\/www.firstcorporation.it\/fr\/product\/cono-di-riduzione-o-150-a-121-mm-per-tubi-aspirazione\/\"]}]},{\"@type\":\"ImageObject\",\"inLanguage\":\"fr-FR\",\"@id\":\"https:\/\/www.firstcorporation.it\/fr\/product\/cono-di-riduzione-o-150-a-121-mm-per-tubi-aspirazione\/#primaryimage\",\"url\":\"https:\/\/www.firstcorporation.it\/wp-content\/uploads\/2025\/02\/CRGC150B-1.jpg\",\"contentUrl\":\"https:\/\/www.firstcorporation.it\/wp-content\/uploads\/2025\/02\/CRGC150B-1.jpg\",\"width\":800,\"height\":719},{\"@type\":\"BreadcrumbList\",\"@id\":\"https:\/\/www.firstcorporation.it\/fr\/product\/cono-di-riduzione-o-150-a-121-mm-per-tubi-aspirazione\/#breadcrumb\",\"itemListElement\":[{\"@type\":\"ListItem\",\"position\":1,\"name\":\"Home\",\"item\":\"https:\/\/www.firstcorporation.it\/\"},{\"@type\":\"ListItem\",\"position\":2,\"name\":\"Products\",\"item\":\"https:\/\/www.firstcorporation.com\/shop\/\"},{\"@type\":\"ListItem\",\"position\":3,\"name\":\"Raccord ABS d\u2019adaptation de \u00d8 150 \u00e0 121 mm pour tubes\"}]},{\"@type\":\"WebSite\",\"@id\":\"https:\/\/www.firstcorporation.it\/#website\",\"url\":\"https:\/\/www.firstcorporation.it\/\",\"name\":\"First Corporation\",\"description\":\"Componenti plastici per l&#039;edilizia\",\"publisher\":{\"@id\":\"https:\/\/www.firstcorporation.it\/#organization\"},\"potentialAction\":[{\"@type\":\"SearchAction\",\"target\":{\"@type\":\"EntryPoint\",\"urlTemplate\":\"https:\/\/www.firstcorporation.it\/?s={search_term_string}\"},\"query-input\":\"required name=search_term_string\"}],\"inLanguage\":\"fr-FR\"},{\"@type\":\"Organization\",\"@id\":\"https:\/\/www.firstcorporation.it\/#organization\",\"name\":\"First Corporation\",\"alternateName\":\"First Corporation\",\"url\":\"https:\/\/www.firstcorporation.it\/\",\"logo\":{\"@type\":\"ImageObject\",\"inLanguage\":\"fr-FR\",\"@id\":\"https:\/\/www.firstcorporation.it\/#\/schema\/logo\/image\/\",\"url\":\"https:\/\/www.firstcorporation.it\/wp-content\/uploads\/2023\/11\/Screenshot-2023-11-28-alle-16.41.17.png\",\"contentUrl\":\"https:\/\/www.firstcorporation.it\/wp-content\/uploads\/2023\/11\/Screenshot-2023-11-28-alle-16.41.17.png\",\"width\":69,\"height\":69,\"caption\":\"First Corporation\"},\"image\":{\"@id\":\"https:\/\/www.firstcorporation.it\/#\/schema\/logo\/image\/\"},\"sameAs\":[\"https:\/\/www.facebook.com\/FirstSrl\",\"https:\/\/www.linkedin.com\/company\/first-corporation-s-r-l\",\"https:\/\/www.youtube.com\/channel\/UCi7Ykxn5yVRCz99G8mKVv7g\",\"https:\/\/www.instagram.com\/first_corporation_italy\/?hl=it\"]}]}<\/script>\n<!-- \/ Yoast SEO plugin. -->","yoast_head_json":{"title":"Raccord ABS d\u2019adaptation de \u00d8 150 \u00e0 121 mm pour tubes | First Corporation","robots":{"index":"index","follow":"follow","max-snippet":"max-snippet:-1","max-image-preview":"max-image-preview:large","max-video-preview":"max-video-preview:-1"},"canonical":"https:\/\/www.firstcorporation.it\/fr\/product\/cono-di-riduzione-o-150-a-121-mm-per-tubi-aspirazione\/","og_locale":"fr_FR","og_type":"article","og_title":"Raccord ABS d\u2019adaptation de \u00d8 150 \u00e0 121 mm pour tubes | First Corporation","og_description":"Les accessoires du syst\u00e8me sont con\u00e7us pour assurer une dispersion minimale dans le passage de l'air et pour s'adapter aux exigences de conception.","og_url":"https:\/\/www.firstcorporation.it\/fr\/product\/cono-di-riduzione-o-150-a-121-mm-per-tubi-aspirazione\/","og_site_name":"First Corporation","article_publisher":"https:\/\/www.facebook.com\/FirstSrl","article_modified_time":"2025-03-25T11:21:07+00:00","og_image":[{"width":800,"height":719,"url":"https:\/\/www.firstcorporation.it\/wp-content\/uploads\/2025\/02\/CRGC150B-1.jpg","type":"image\/jpeg"}],"twitter_card":"summary_large_image","twitter_misc":{"Dur\u00e9e de lecture estim\u00e9e":"1 minute"},"schema":{"@context":"https:\/\/schema.org","@graph":[{"@type":"WebPage","@id":"https:\/\/www.firstcorporation.it\/fr\/product\/cono-di-riduzione-o-150-a-121-mm-per-tubi-aspirazione\/","url":"https:\/\/www.firstcorporation.it\/fr\/product\/cono-di-riduzione-o-150-a-121-mm-per-tubi-aspirazione\/","name":"Raccord ABS d\u2019adaptation de \u00d8 150 \u00e0 121 mm pour tubes | First Corporation","isPartOf":{"@id":"https:\/\/www.firstcorporation.it\/#website"},"primaryImageOfPage":{"@id":"https:\/\/www.firstcorporation.it\/fr\/product\/cono-di-riduzione-o-150-a-121-mm-per-tubi-aspirazione\/#primaryimage"},"image":{"@id":"https:\/\/www.firstcorporation.it\/fr\/product\/cono-di-riduzione-o-150-a-121-mm-per-tubi-aspirazione\/#primaryimage"},"thumbnailUrl":"https:\/\/www.firstcorporation.it\/wp-content\/uploads\/2025\/02\/CRGC150B-1.jpg","datePublished":"2025-02-05T09:34:12+00:00","dateModified":"2025-03-25T11:21:07+00:00","breadcrumb":{"@id":"https:\/\/www.firstcorporation.it\/fr\/product\/cono-di-riduzione-o-150-a-121-mm-per-tubi-aspirazione\/#breadcrumb"},"inLanguage":"fr-FR","potentialAction":[{"@type":"ReadAction","target":["https:\/\/www.firstcorporation.it\/fr\/product\/cono-di-riduzione-o-150-a-121-mm-per-tubi-aspirazione\/"]}]},{"@type":"ImageObject","inLanguage":"fr-FR","@id":"https:\/\/www.firstcorporation.it\/fr\/product\/cono-di-riduzione-o-150-a-121-mm-per-tubi-aspirazione\/#primaryimage","url":"https:\/\/www.firstcorporation.it\/wp-content\/uploads\/2025\/02\/CRGC150B-1.jpg","contentUrl":"https:\/\/www.firstcorporation.it\/wp-content\/uploads\/2025\/02\/CRGC150B-1.jpg","width":800,"height":719},{"@type":"BreadcrumbList","@id":"https:\/\/www.firstcorporation.it\/fr\/product\/cono-di-riduzione-o-150-a-121-mm-per-tubi-aspirazione\/#breadcrumb","itemListElement":[{"@type":"ListItem","position":1,"name":"Home","item":"https:\/\/www.firstcorporation.it\/"},{"@type":"ListItem","position":2,"name":"Products","item":"https:\/\/www.firstcorporation.com\/shop\/"},{"@type":"ListItem","position":3,"name":"Raccord ABS d\u2019adaptation de \u00d8 150 \u00e0 121 mm pour tubes"}]},{"@type":"WebSite","@id":"https:\/\/www.firstcorporation.it\/#website","url":"https:\/\/www.firstcorporation.it\/","name":"First Corporation","description":"Componenti plastici per l&#039;edilizia","publisher":{"@id":"https:\/\/www.firstcorporation.it\/#organization"},"potentialAction":[{"@type":"SearchAction","target":{"@type":"EntryPoint","urlTemplate":"https:\/\/www.firstcorporation.it\/?s={search_term_string}"},"query-input":"required name=search_term_string"}],"inLanguage":"fr-FR"},{"@type":"Organization","@id":"https:\/\/www.firstcorporation.it\/#organization","name":"First Corporation","alternateName":"First Corporation","url":"https:\/\/www.firstcorporation.it\/","logo":{"@type":"ImageObject","inLanguage":"fr-FR","@id":"https:\/\/www.firstcorporation.it\/#\/schema\/logo\/image\/","url":"https:\/\/www.firstcorporation.it\/wp-content\/uploads\/2023\/11\/Screenshot-2023-11-28-alle-16.41.17.png","contentUrl":"https:\/\/www.firstcorporation.it\/wp-content\/uploads\/2023\/11\/Screenshot-2023-11-28-alle-16.41.17.png","width":69,"height":69,"caption":"First Corporation"},"image":{"@id":"https:\/\/www.firstcorporation.it\/#\/schema\/logo\/image\/"},"sameAs":["https:\/\/www.facebook.com\/FirstSrl","https:\/\/www.linkedin.com\/company\/first-corporation-s-r-l","https:\/\/www.youtube.com\/channel\/UCi7Ykxn5yVRCz99G8mKVv7g","https:\/\/www.instagram.com\/first_corporation_italy\/?hl=it"]}]}},"jetpack_sharing_enabled":true,"_links":{"self":[{"href":"https:\/\/www.firstcorporation.it\/fr\/wp-json\/wp\/v2\/product\/58913"}],"collection":[{"href":"https:\/\/www.firstcorporation.it\/fr\/wp-json\/wp\/v2\/product"}],"about":[{"href":"https:\/\/www.firstcorporation.it\/fr\/wp-json\/wp\/v2\/types\/product"}],"wp:featuredmedia":[{"embeddable":true,"href":"https:\/\/www.firstcorporation.it\/fr\/wp-json\/wp\/v2\/media\/58909"}],"wp:attachment":[{"href":"https:\/\/www.firstcorporation.it\/fr\/wp-json\/wp\/v2\/media?parent=58913"}],"wp:term":[{"taxonomy":"product_cat","embeddable":true,"href":"https:\/\/www.firstcorporation.it\/fr\/wp-json\/wp\/v2\/product_cat?post=58913"},{"taxonomy":"product_tag","embeddable":true,"href":"https:\/\/www.firstcorporation.it\/fr\/wp-json\/wp\/v2\/product_tag?post=58913"},{"taxonomy":"collezione","embeddable":true,"href":"https:\/\/www.firstcorporation.it\/fr\/wp-json\/wp\/v2\/collezione?post=58913"}],"curies":[{"name":"wp","href":"https:\/\/api.w.org\/{rel}","templated":true}]}}

Raccord ABS d’adaptation de Ø 150 à 121 mm pour tubes

<p>Les accessoires du système sont conçus pour assurer une dispersion minimale dans le passage de l&#8217;air et pour s&#8217;adapter aux exigences de conception.</p>

<!-- This site is optimized with the Yoast SEO plugin v22.9 - https://yoast.com/wordpress/plugins/seo/ -->
<title>Raccord ABS d’adaptation de Ø 150 à 121 mm pour tubes | First Corporation</title>
<meta name="robots" content="index, follow, max-snippet:-1, max-image-preview:large, max-video-preview:-1" />
<link rel="canonical" href="https://www.firstcorporation.it/fr/product/cono-di-riduzione-o-150-a-121-mm-per-tubi-aspirazione/" />
<meta property="og:locale" content="fr_FR" />
<meta property="og:type" content="article" />
<meta property="og:title" content="Raccord ABS d’adaptation de Ø 150 à 121 mm pour tubes | First Corporation" />
<meta property="og:description" content="Les accessoires du système sont conçus pour assurer une dispersion minimale dans le passage de l&#039;air et pour s&#039;adapter aux exigences de conception." />
<meta property="og:url" content="https://www.firstcorporation.it/fr/product/cono-di-riduzione-o-150-a-121-mm-per-tubi-aspirazione/" />
<meta property="og:site_name" content="First Corporation" />
<meta property="article:publisher" content="https://www.facebook.com/FirstSrl" />
<meta property="article:modified_time" content="2025-03-25T11:21:07+00:00" />
<meta property="og:image" content="https://www.firstcorporation.it/wp-content/uploads/2025/02/CRGC150B-1.jpg" />
	<meta property="og:image:width" content="800" />
	<meta property="og:image:height" content="719" />
	<meta property="og:image:type" content="image/jpeg" />
<meta name="twitter:card" content="summary_large_image" />
<meta name="twitter:label1" content="Durée de lecture estimée" />
	<meta name="twitter:data1" content="1 minute" />
<script type="application/ld+json" class="yoast-schema-graph">{"@context":"https://schema.org","@graph":[{"@type":"WebPage","@id":"https://www.firstcorporation.it/fr/product/cono-di-riduzione-o-150-a-121-mm-per-tubi-aspirazione/","url":"https://www.firstcorporation.it/fr/product/cono-di-riduzione-o-150-a-121-mm-per-tubi-aspirazione/","name":"Raccord ABS d’adaptation de Ø 150 à 121 mm pour tubes | First Corporation","isPartOf":{"@id":"https://www.firstcorporation.it/#website"},"primaryImageOfPage":{"@id":"https://www.firstcorporation.it/fr/product/cono-di-riduzione-o-150-a-121-mm-per-tubi-aspirazione/#primaryimage"},"image":{"@id":"https://www.firstcorporation.it/fr/product/cono-di-riduzione-o-150-a-121-mm-per-tubi-aspirazione/#primaryimage"},"thumbnailUrl":"https://www.firstcorporation.it/wp-content/uploads/2025/02/CRGC150B-1.jpg","datePublished":"2025-02-05T09:34:12+00:00","dateModified":"2025-03-25T11:21:07+00:00","breadcrumb":{"@id":"https://www.firstcorporation.it/fr/product/cono-di-riduzione-o-150-a-121-mm-per-tubi-aspirazione/#breadcrumb"},"inLanguage":"fr-FR","potentialAction":[{"@type":"ReadAction","target":["https://www.firstcorporation.it/fr/product/cono-di-riduzione-o-150-a-121-mm-per-tubi-aspirazione/"]}]},{"@type":"ImageObject","inLanguage":"fr-FR","@id":"https://www.firstcorporation.it/fr/product/cono-di-riduzione-o-150-a-121-mm-per-tubi-aspirazione/#primaryimage","url":"https://www.firstcorporation.it/wp-content/uploads/2025/02/CRGC150B-1.jpg","contentUrl":"https://www.firstcorporation.it/wp-content/uploads/2025/02/CRGC150B-1.jpg","width":800,"height":719},{"@type":"BreadcrumbList","@id":"https://www.firstcorporation.it/fr/product/cono-di-riduzione-o-150-a-121-mm-per-tubi-aspirazione/#breadcrumb","itemListElement":[{"@type":"ListItem","position":1,"name":"Home","item":"https://www.firstcorporation.it/"},{"@type":"ListItem","position":2,"name":"Products","item":"https://www.firstcorporation.com/shop/"},{"@type":"ListItem","position":3,"name":"Raccord ABS d’adaptation de Ø 150 à 121 mm pour tubes"}]},{"@type":"WebSite","@id":"https://www.firstcorporation.it/#website","url":"https://www.firstcorporation.it/","name":"First Corporation","description":"Componenti plastici per l&#039;edilizia","publisher":{"@id":"https://www.firstcorporation.it/#organization"},"potentialAction":[{"@type":"SearchAction","target":{"@type":"EntryPoint","urlTemplate":"https://www.firstcorporation.it/?s={search_term_string}"},"query-input":"required name=search_term_string"}],"inLanguage":"fr-FR"},{"@type":"Organization","@id":"https://www.firstcorporation.it/#organization","name":"First Corporation","alternateName":"First Corporation","url":"https://www.firstcorporation.it/","logo":{"@type":"ImageObject","inLanguage":"fr-FR","@id":"https://www.firstcorporation.it/#/schema/logo/image/","url":"https://www.firstcorporation.it/wp-content/uploads/2023/11/Screenshot-2023-11-28-alle-16.41.17.png","contentUrl":"https://www.firstcorporation.it/wp-content/uploads/2023/11/Screenshot-2023-11-28-alle-16.41.17.png","width":69,"height":69,"caption":"First Corporation"},"image":{"@id":"https://www.firstcorporation.it/#/schema/logo/image/"},"sameAs":["https://www.facebook.com/FirstSrl","https://www.linkedin.com/company/first-corporation-s-r-l","https://www.youtube.com/channel/UCi7Ykxn5yVRCz99G8mKVv7g","https://www.instagram.com/first_corporation_italy/?hl=it"]}]}</script>
<!-- / Yoast SEO plugin. -->

Raccord ABS d’adaptation de Ø 150 à 121 mm pour tubes | First Corporation

Les accessoires du système sont conçus pour assurer une dispersion minimale dans le passage de l'air et pour s'adapter aux exigences de conception.
